is the hundred millions digit of 3063637008?
0
What is the units digit of 417427769?
9
What is the hundreds digit of 14760251?
2
What is the hundreds digit of 4339388?
3
What is the thousands digit of 4271729?
1
What is the hundred millions digit of 1091562279?
0
What is the ten thousands digit of 75442316?
4
What is the tens digit of 12404535?
3
What is the units digit of 46589167?
7
What is the thousands digit of 2970263632?
3
What is the hundreds digit of 13935592?
5
What is the tens digit of 66586748?
4
What is the hundred millions digit of 309228962?
3
What is the tens digit of 48906599?
9
What is the hundreds digit of 64581762?
7
What is the units digit of 285916674?
4
What is the ten thousands digit of 7815522?
1
What is the tens digit of 328823081?
8
What is the tens digit of 69736451?
5
What is the hundred millions digit of 343820564?
3
What is the millions digit of 61015722?
1
What is the millions digit of 67713781?
7
What is the units digit of 354713993?
3
What is the ten thousands digit of 1432143807?
4
What is the ten thousands digit of 322691066?
9
What is the tens digit of 103251987?
8
What is the millions digit of 4278090055?
8
What is the ten millions digit of 147031573?
4
What is the thousands digit of 232592359?
2
What is the tens digit of 38374476?
7
What is the thousands digit of 35148004?
8
What is the thousands digit of 16820718?
0
What is the hundred thousands digit of 370172625?
1
What is the ten thousands digit of 36631666?
3
What is the ten thousands digit of 56281648?
8
What is the hundred millions digit of 536886593?
5
What is the units digit of 891585163?
3
What is the units digit of 796699190?
0
What is the tens digit of 2861359142?
4
What is the ten thousands digit of 2563923?
6
What is the ten millions digit of 4492253852?
9
What is the hundred millions digit of 807808185?
8
What is the hundred millions digit of 119960064?
1
What is the hundred thousands digit of 56492147?
4
What is the millions digit of 115309724?
5
What is the hundreds digit of 179163176?
1
What is the thousands digit of 2194671841?
1
What is the hundred millions digit of 261329393?
2
What is the ten millions digit of 4551102583?
5
What is the millions digit of 182065134?
2
What is the ten millions digit of 340126448?
4
What is the billions digit of 2355874106?
2
What is the hundreds digit of 146689332?
3
What is the thousands digit of 59699784?
9
What is the hundreds digit of 209546859?
8
What is the ten millions digit of 10711107?
1
What is the tens digit of 382673771?
7
What is the ten thousands digit of 17179832?
7
What is the millions digit of 350245347?
0
What is the millions digit of 2998479426?
8
What is the ten thousands digit of 221135936?
3
What is the ten thousands digit of 53893956?
9
What is the ten thousands digit of 539634499?
3
What is the units digit of 5842551?
1
What is the millions digit of 82164253?
2
What is the billions digit of 1185836736?
1
What is the hundred millions digit of 1626872033?
6
What is the tens digit of 1385268578?
7
What is the ten millions digit of 577007695?
7
What is the hundred millions digit of 463953102?
4
What is the units digit of 6551782490?
0
What is the ten thousands digit of 65692038?
9
What is the hundreds digit of 43810011?
0
What is the millions digit of 150498587?
0
What is the millions digit of 203411317?
3
What is the units digit of 76658389?
9
What is the hundred millions digit of 125072239?
1
What is the units digit of 458479244?
4
What is the millions digit of 1022205580?
2
What is the tens digit of 1416623851?
5
What is the tens digit of 471223990?
9
What is the hundred thousands digit of 2474926807?
9
What is the units digit of 638704955?
5
What is the hundred thousands digit of 143457701?
4
What is the tens digit of 1380381784?
8
What is the thousands digit of 18486482?
6
What is the hundreds digit of 60806614?
6
What is the tens digit of 26962413?
1
What is the ten millions digit of 170809005?
7
What is the hundred millions digit of 981226920?
9
What is the tens digit of 251572631?
3
What is the thousands digit of 1831795385?
5
What is the thousands digit of 2123065988?
5
What is the ten thousands digit of 5887887256?
8
What is the ten millions digit of 3115158227?
1
What is the ten millions digit of 769780449?
6
What is the hundreds digit of 1202058?
0
What is the ten thousands digit of 79368804?
6
What is the ten thousands digit of 357871646?
7
What is the tens digit of 415631629?
2
What is the ten thousands digit of 4661920?
6
What is the thousands digit of 1326934568?
4
What is the millions digit of 2123876610?
3
What is the tens digit of 42679616?
1
What is the tens digit of 92053493?
9
What is the hundreds digit of 1405650934?
9
What is the millions digit of 25085127?
5
What is the thousands digit of 237609916?
9
What is the ten thousands digit of 2556501427?
0
What is the hundreds digit of 3406123309?
3
What is the hundred millions digit of 436383183?
4
What is the tens digit of 2890273116?
1
What is the hundreds digit of 277321797?
7
What is the tens digit of 220967825?
2
What is the hundred thousands digit of 25450197?
4
What is the millions digit of 329287351?
9
What is the units digit of 286719773?
3
What is the millions digit of 295213674?
5
What is the thousands digit of 1369595570?
5
What is the ten thousands digit of 274180297?
8
What is the thousands digit of 483091863?
1
What is the thousands digit of 84407819?
7
What is the hundreds digit of 2522730963?
9
What is the ten thousands digit of 453651052?
5
What is the units digit of 31486159?
9
What is the billions digit of 1567985983?
1
What is the thousands digit of 46049044?
9
What is the tens digit of 377874457?
5
What is the hundred millions digit of 559471061?
5
What is the ten thousands digit of 90652196?
5
What is the thousands digit of 70944201?
4
What is the ten thousands digit of 1266034770?
3
What is the thousands digit of 2806991395?
1
What is the hundred millions digit of 134236391?
1
What is the hundred thousands digit of 36749932?
7
What is the hundreds digit of 744419030?
0
What is the thousands digit of 10256239?
6
What is the units digit of 2871293321?
1
What is the hundred thousands digit of 18910209?
9
What is the units digit of 1528743992?
2
What is the ten thousands digit of 197100592?
0
What is the hundreds digit of 7559003044?
0
What is the ten thousands digit of 39726135?
2
What is the millions digit of 3700877886?
0
What is the hundred thousands digit of 15475641?
4
What is the units digit of 134189709?
9
What is the units digit of 129803233?
3
What is the hundred thousands digit of 185886609?
8
What is the hundred millions digit of 164994437?
1
What is the tens digit of 7665387110?
1
What is the tens digit of 36022190?
9
What is the hundreds digit of 440924888?
8
What is the ten thousands digit of 737971985?
7
What is the hundred thousands digit of 90551150?
5
What is the hundreds digit of 358544725?
7
What is the hundreds digit of 88173888?
8
What is the tens digit of 43346201?
0
What is the hundreds digit of 78913799?
7
What is the ten millions digit of 28256477?
2
What is the units digit of 101671654?
4
What is the tens digit of 29966211?
1
What is the ten thousands digit of 464312374?
1
What is the ten thousands digit of 19239275?
3
What is the units digit of 396828?
8
What is the hundreds digit of 659040289?
2
What is the tens digit of 309454968?
6
What is the ten millions digit of 5909427497?
0
What is the ten thousands digit of 111046641?
4
What is the tens digit of 417795618?
1
What is the ten thousands digit of 25781321?
8
What is the tens digit of 15565400?
0
What is the ten thousands digit of 512975154?
7
What is the ten thousands digit of 3267188157?
8
What is the hundreds digit of 112863590?
5
What is the ten thousands digit of 78346242?
4
What is the tens digit of 262647001?
0
What is the hundreds digit of 2552480644?
6
What is the ten thousands digit of 276365062?
6
What is the millions digit of 915309528?
5
What is the hundreds digit of 74794910?
9
What is the units digit of 474205053?
3
What is the ten millions digit of 380715802?
8
What is the tens digit of 2069552499?
9
What is the ten millions digit of 16880058?
1
What is the millions digit of 772193042?
2
What 